s 1167934727 prime?
False
Is 3526888615 a prime number?
False
Is 38121128323 a composite number?
True
Is 2100010046 a composite number?
True
Is 39685461203 a prime number?
False
Is 34738495931 a composite number?
True
Is 939099409 prime?
True
Is 778458121 composite?
True
Is 23084947253 a prime number?
True
Is 25708063891 a prime number?
True
Is 866745227 a prime number?
True
Is 3059719171 a composite number?
False
Is 148349683 prime?
True
Is 4326632251 a prime number?
True
Is 2940478771 a composite number?
False
Is 27130952119 a prime number?
True
Is 4495711097 a prime number?
False
Is 10957556189 prime?
True
Is 2884958485 composite?
True
Is 25529176874 a composite number?
True
Is 6641773799 a prime number?
True
Is 9736739513 a prime number?
True
Is 3437291827 prime?
True
Is 188112473729 composite?
False
Is 1330867769833 a composite number?
True
Is 62303891033 a composite number?
False
Is 446890643 a composite number?
False
Is 5814312401 prime?
False
Is 5004023041 composite?
True
Is 290179387 a prime number?
True
Is 4502833999 composite?
False
Is 4351190113 composite?
False
Is 792428587 a prime number?
False
Is 3831122593 composite?
False
Is 175104553993 a composite number?
True
Is 27200683 a composite number?
False
Is 267410494187 a composite number?
True
Is 2831080181 composite?
False
Is 4611750419 prime?
True
Is 37210293473 a prime number?
True
Is 5780771083 composite?
False
Is 18690430873 composite?
False
Is 156236058653 a prime number?
True
Is 8405426617 prime?
False
Is 1449198853 prime?
False
Is 95665327 prime?
True
Is 467071819 composite?
False
Is 210594533 a composite number?
True
Is 13666645121 composite?
False
Is 38890957471 composite?
True
Is 10950143459 a prime number?
False
Is 139239633019 a composite number?
False
Is 1959419011 a composite number?
True
Is 475807615 prime?
False
Is 3545979223 composite?
True
Is 426086971 composite?
True
Is 132223363 prime?
True
Is 4658759869 a prime number?
False
Is 4920502649 a prime number?
False
Is 14177323921 a composite number?
False
Is 46135442491 prime?
False
Is 35158102697 prime?
False
Is 8823537563 a composite number?
False
Is 99433571 a composite number?
False
Is 2880048949 prime?
False
Is 45733418417 a prime number?
False
Is 1800840239 prime?
False
Is 21867057529 prime?
True
Is 591039749 a prime number?
False
Is 58445131259 prime?
False
Is 979248497 a prime number?
False
Is 1494125117 a composite number?
False
Is 262702217 a prime number?
True
Is 50734234021 a composite number?
False
Is 3615388639 a composite number?
False
Is 1073075303 a prime number?
False
Is 2835960731 a composite number?
False
Is 2232338281 prime?
False
Is 188698551203 a prime number?
True
Is 3006187939 a composite number?
False
Is 19824806851 prime?
False
Is 66097377701 a composite number?
False
Is 112902389297 a composite number?
True
Is 139011941 prime?
False
Is 7506336389 a composite number?
True
Is 675778993 composite?
False
Is 7799571793 a composite number?
True
Is 757607993 a prime number?
False
Is 1266997483 composite?
False
Is 517052251 prime?
True
Is 19285533959 composite?
True
Is 734830961 a composite number?
True
Is 1824697223 a composite number?
False
Is 16310000263 a composite number?
True
Is 148475201 a composite number?
True
Is 43284971 a composite number?
True
Is 2602191883 composite?
False
Is 3319520311 prime?
False
Is 333064657 a prime number?
False
Is 26282363651 prime?
False
Is 25939589581 prime?
True
Is 153303953981 composite?
False
Is 1833467081 a prime number?
False
Is 10811952941 prime?
True
Is 19699220089 a composite number?
False
Is 7396288813 a composite number?
False
Is 28679203261 composite?
True
Is 14696608243 a composite number?
True
Is 11478123871 prime?
False
Is 19717674607 a composite number?
False
Is 252162101 a composite number?
False
Is 8803272449 a prime number?
True
Is 12588599851 a prime number?
True
Is 1212270421 composite?
True
Is 83930045 composite?
True
Is 2603738681 composite?
True
Is 26523534131 a composite number?
False
Is 275389889 a prime number?
False
Is 677322427 a prime number?
True
Is 425484538 prime?
False
Is 3209840203 composite?
True
Is 628831963 composite?
False
Is 100603254021 a composite number?
True
Is 854956807 prime?
True
Is 2820932617 composite?
True
Is 2769707107 prime?
True
Is 178176568787 prime?
False
Is 4757596673 composite?
True
Is 206729561 composite?
False
Is 1695847697 a composite number?
False
Is 44005495349 a prime number?
True
Is 11571212657 composite?
True
Is 34144222367 composite?
True
Is 43280414995 composite?
True
Is 369374527 composite?
True
Is 15723975659 a prime number?
False
Is 355054179 prime?
False
Is 12634414511 a prime number?
False
Is 490684237 a prime number?
True
Is 4227853139 a composite number?
False
Is 13144989899 prime?
True
Is 150859254319 a prime number?
False
Is 13559330171 a prime number?
False
Is 184852711 a composite number?
True
Is 111740543 composite?
False
Is 31068787603 prime?
False
Is 151873387 prime?
True
Is 43433698813 prime?
True
Is 202037861 a composite number?
False
Is 14065239373 a composite number?
True
Is 114247423 prime?
False
Is 737871223 a prime number?
False
Is 6194034017 a composite number?
False
Is 1402431467 a composite number?
False
Is 11175408143 a composite number?
True
Is 10168636147 a prime number?
False
Is 71464666619 a prime number?
False
Is 10694863903 a prime number?
True
Is 127816651 a prime number?
True
Is 178949555 prime?
False
Is 219240229 a composite number?
True
Is 2848957 a composite number?
False
Is 87399187369 composite?
True
Is 7635619142 a prime number?
False
Is 1216301351 a prime number?
False
Is 2036367341 composite?
False
Is 2137310183 a prime number?
False
Is 97133197877 a composite number?
False
Is 77320993 composite?
False
Is 196133337277 a prime number?
False
Is 11857296403 prime?
False
Is 3669732179 composite?
True
Is 3940437019 a composite number?
False
Is 183023641 a prime number?
True
Is 989858251 a composite number?
False
Is 25504346911 a composite number?
True
Is 27326798129 prime?
True
Is 537059251 prime?
False
Is 1519413827 a composite number?
False
Is 992550877 composite?
True
Is 2945939623 a composite number?
True
Is 13324996313 a composite number?
False
Is 30921387157 prime?
True
Is 114903497 prime?
True
Is 3726231251 prime?
False
Is 99746579 a prime number?
False
Is 486135259 prime?
False
Is 211853880611 a prime number?
False
Is 487666393 a composite number?
False
Is 812843887 prime?
False
Is 1419111797 prime?
True
Is 11095775393 a composite number?
False
Is 2519061193 prime?
False
Is 1508450143 a composite number?
True
Is 74635019 a prime number?
True
Is 10343572585 a prime number?
False
Is 3639970263 a composite number?
True
Is 20658062239 a prime number?
True
Is 52014532051 prime?
False
Is 10336417687 prime?
True
Is 12063808249 prime?
True
Is 125813993 prime?
True
Is 644017619 prime?
False
Is 1444261009 composite?
True
Is 1565918567 composite?
False
Is 17681302241 a composite number?
False
Is 3270843923 composite?
False
Is 457013809 a composite number?
True
Is 13471323901 composite?
True
Is 18115991041 a composite number?
False
Is 9452172251 composite?
False
Is 94545741397 prime?
True
Is 1800153697 composite?
False
Is 148476385409 a prime number?
False
Is 2412450107 a prime number?
True
Is 7940554187 composite?
False
Is 433814767 composite?
True
Is 369689161 prime?
True
Is 37565701 a composite number?
True
Is 233307411 prime?
False
Is 2434654403 prime?
True
Is 3037374239 a composite number?
True
Is 76177711 prime?
True
Is 2269258819 a prime number?
False
Is 1945841011 a composite number?
False
Is 5927763059 a prime number?
False
Is 17678145679 a composite number?
True
Is 4851968029 a composite number?
False
Is 8489876743 a composite number?
False
Is 93843253 composite?
True
Is 393239633 prime?
True
Is 5370496679 a prime number?
True
Is 680408219 a prime number?
False
Is 1190004623 a prime number?
False
Is 28436909521 a composite number?
False
Is 10471068409 prime?
True
Is 7048423663 a composite number?
True
Is 10484286289 a prime number?
True
Is 21114379699 a composite number?
True
Is 22076393 a composite number?
False
Is 15000389047 prime?
False
Is 1753311687 composite?
True
Is 335465861 a composite number?
False
Is 830201347 a prime number?
False
Is 